{"id":392,"date":"2023-08-01T12:00:46","date_gmt":"2023-08-01T10:00:46","guid":{"rendered":"https:\/\/flusskrebse.nextron.org\/uber-uns\/"},"modified":"2024-12-13T14:00:45","modified_gmt":"2024-12-13T13:00:45","slug":"a-propos-de-nous","status":"publish","type":"page","link":"https:\/\/www.kfks.ch\/fr\/a-propos-de-nous\/","title":{"rendered":"\u00c1 propos"},"content":{"rendered":"<div id=\"pl-392\"  class=\"panel-layout\" ><div id=\"pg-392-0\"  class=\"panel-grid panel-no-style\" ><div id=\"pgc-392-0-0\"  class=\"panel-grid-cell\" >\r\n\r\n<div class=\"desktop-max-width \">\r\n\r\n<p>Le centre de coordination, qui agit sur mandat de l'Office f\u00e9d\u00e9ral de l'environnement, existe depuis d\u00e9but 2014. Il a une fonction de conseil et de coordination dans le domaine th\u00e9matique des \u00e9crevisses en Suisse.<\/p>\n\n<p>La mission du service de coordination est de soutenir les cantons dans les mesures de conservation des \u00e9crevisses indig\u00e8nes et la gestion des \u00e9crevisses non indig\u00e8nes. Il est le point de contact pour les questions, r\u00e9alise l'\u00e9change d'exp\u00e9riences et de connaissances entre les cantons et les pays, informe la population sur la th\u00e9matique et effectue un travail de relations publiques.<\/p>\n\n<p>&nbsp;<\/p>\n<\/div>\r\n\r\n<\/div><\/div><div id=\"pg-392-1\"  class=\"panel-grid panel-no-style\" ><div id=\"pgc-392-1-0\"  class=\"panel-grid-cell\" >\r\n\r\n<div class=\"desktop-max-width \">\r\n\r\n<p>&nbsp;<\/p>\n\n<p>&nbsp;<\/p>\n<\/div>\r\n\r\n<\/div><\/div><\/div>","protected":false},"excerpt":{"rendered":"<p>Le centre de coordination, qui agit sur mandat de l&rsquo;Office f\u00e9d\u00e9ral de l&rsquo;environnement, existe depuis d\u00e9but 2014. Il a une fonction de conseil et de coordination dans le domaine th\u00e9matique des \u00e9crevisses en Suisse. La mission du service de coordination est de soutenir les cantons dans les mesures de conservation des \u00e9crevisses indig\u00e8nes et la &hellip; <a href=\"https:\/\/www.kfks.ch\/fr\/a-propos-de-nous\/\" class=\"more-link\">Continue reading<span class=\"screen-reader-text\"> \u00ab\u00a0\u00c1 propos\u00a0\u00bb<\/span><\/a><\/p>\n","protected":false},"author":1,"featured_media":0,"parent":0,"menu_order":48,"comment_status":"closed","ping_status":"closed","template":"","meta":{"_acf_changed":false,"footnotes":""},"class_list":["post-392","page","type-page","status-publish","hentry"],"acf":[],"_links":{"self":[{"href":"https:\/\/www.kfks.ch\/fr\/wp-json\/wp\/v2\/pages\/392","targetHints":{"allow":["GET"]}}],"collection":[{"href":"https:\/\/www.kfks.ch\/fr\/wp-json\/wp\/v2\/pages"}],"about":[{"href":"https:\/\/www.kfks.ch\/fr\/wp-json\/wp\/v2\/types\/page"}],"author":[{"embeddable":true,"href":"https:\/\/www.kfks.ch\/fr\/wp-json\/wp\/v2\/users\/1"}],"replies":[{"embeddable":true,"href":"https:\/\/www.kfks.ch\/fr\/wp-json\/wp\/v2\/comments?post=392"}],"version-history":[{"count":16,"href":"https:\/\/www.kfks.ch\/fr\/wp-json\/wp\/v2\/pages\/392\/revisions"}],"predecessor-version":[{"id":6212,"href":"https:\/\/www.kfks.ch\/fr\/wp-json\/wp\/v2\/pages\/392\/revisions\/6212"}],"wp:attachment":[{"href":"https:\/\/www.kfks.ch\/fr\/wp-json\/wp\/v2\/media?parent=392"}],"curies":[{"name":"wp","href":"https:\/\/api.w.org\/{rel}","templated":true}]}}

Á propos

<div id="pl-392"  class="panel-layout" ><div id="pg-392-0"  class="panel-grid panel-no-style" ><div id="pgc-392-0-0"  class="panel-grid-cell" >

<div class="desktop-max-width ">

<p>Le centre de coordination, qui agit sur mandat de l'Office fédéral de l'environnement, existe depuis début 2014. Il a une fonction de conseil et de coordination dans le domaine thématique des écrevisses en Suisse.</p>

<p>La mission du service de coordination est de soutenir les cantons dans les mesures de conservation des écrevisses indigènes et la gestion des écrevisses non indigènes. Il est le point de contact pour les questions, réalise l'échange d'expériences et de connaissances entre les cantons et les pays, informe la population sur la thématique et effectue un travail de relations publiques.</p>

<p>&nbsp;</p>
</div>

</div></div><div id="pg-392-1"  class="panel-grid panel-no-style" ><div id="pgc-392-1-0"  class="panel-grid-cell" >

<div class="desktop-max-width ">

<p>&nbsp;</p>

<p>&nbsp;</p>
</div>

</div></div></div>

<p>Le centre de coordination, qui agit sur mandat de l&rsquo;Office fédéral de l&rsquo;environnement, existe depuis début 2014. Il a une fonction de conseil et de coordination dans le domaine thématique des écrevisses en Suisse. La mission du service de coordination est de soutenir les cantons dans les mesures de conservation des écrevisses indigènes et la &hellip; <a href="https://www.kfks.ch/fr/a-propos-de-nous/" class="more-link">Continue reading<span class="screen-reader-text"> « Á propos »</span></a></p>
